36668?
356
Calculate the greatest common factor of 326 and 106800534.
326
Calculate the greatest common factor of 6383 and 2769334763.
6383
Calculate the greatest common factor of 10017 and 2848797.
189
Calculate the greatest common factor of 2713816 and 2576.
1288
What is the highest common factor of 9668825 and 29725?
1025
Calculate the highest common divisor of 6009087 and 1113.
1113
Calculate the greatest common factor of 170824400 and 4880.
4880
What is the highest common divisor of 759 and 3483948?
69
Calculate the greatest common factor of 14390337 and 122421.
1677
Calculate the highest common divisor of 17032848 and 987.
21
Calculate the greatest common divisor of 2395 and 29211815.
2395
What is the highest common divisor of 24651 and 8973877?
913
Calculate the greatest common factor of 634212 and 106.
2
What is the highest common factor of 7315 and 479845?
95
Calculate the highest common divisor of 3744 and 271376.
16
Calculate the highest common divisor of 17054988 and 36.
12
Calculate the highest common factor of 5419302 and 546.
42
Calculate the greatest common factor of 522 and 2883702.
174
Calculate the greatest common divisor of 168356157 and 2562.
183
Calculate the highest common divisor of 32 and 24926384.
16
Calculate the highest common divisor of 325 and 750503.
13
What is the greatest common divisor of 261 and 9277129?
29
What is the highest common factor of 336 and 45099432?
168
What is the greatest common divisor of 403199385 and 4170?
2085
Calculate the greatest common factor of 1 and 2823269.
1
What is the highest common factor of 80474049 and 2799?
2799
Calculate the greatest common divisor of 64 and 178074944.
64
Calculate the highest common factor of 625739 and 52574.
271
What is the highest common divisor of 2883 and 19333770?
93
Calculate the greatest common factor of 3868 and 30307714.
1934
What is the highest common divisor of 313593 and 49704?
327
What is the highest common divisor of 6 and 394694658?
6
What is the greatest common factor of 81 and 563247351?
81
What is the greatest common factor of 413814720 and 1315?
1315
What is the greatest common divisor of 568 and 17118952?
568
What is the highest common divisor of 21178385 and 117245?
895
What is the greatest common divisor of 115776 and 8774208?
576
What is the greatest common divisor of 16903409 and 2773?
47
Calculate the greatest common divisor of 26829601 and 236.
59
Calculate the highest common factor of 230311080 and 7972.
7972
What is the highest common divisor of 293267 and 5967?
221
What is the greatest common divisor of 2183055 and 13453?
1223
What is the greatest common factor of 169104 and 32786664?
6504
Calculate the highest common factor of 16993164 and 45.
3
What is the highest common divisor of 29448846 and 588?
42
What is the highest common divisor of 1173 and 10379049?
69
What is the highest common divisor of 5457 and 96039562?
1819
Calculate the highest common factor of 243485 and 220.
55
Calculate the highest common factor of 166708077 and 151.
151
What is the greatest common factor of 1428224 and 11264?
256
What is the highest common divisor of 1552 and 949921?
97
What is the greatest common divisor of 96 and 984372?
12
Calculate the highest common divisor of 827470224 and 812.
812
Calculate the greatest common factor of 53275789 and 2401.
2401
What is the highest common factor of 380 and 8282005?
95
Calculate the greatest common divisor of 5772 and 1988454.
2886
What is the greatest common divisor of 70912350 and 296?
74
Calculate the greatest common factor of 4620 and 9105054.
42
Calculate the highest common divisor of 5569465 and 436745.
3865
What is the highest common factor of 37095498 and 9?
9
Calculate the greatest common divisor of 58864 and 71773.
13
What is the highest common divisor of 4663524 and 30?
6
What is the greatest common divisor of 1076 and 291331304?
1076
Calculate the greatest common factor of 87 and 3897281.
29
Calculate the highest common divisor of 537186 and 12082902.
7566
Calculate the highest common factor of 990 and 30206.
22
What is the greatest common divisor of 1559982 and 8928?
186
What is the highest common divisor of 8040988 and 148?
148
What is the highest common divisor of 41364360 and 36?
36
Calculate the highest common divisor of 304 and 2011302.
38
Calculate the greatest common factor of 401877074 and 8108.
4054
What is the greatest common divisor of 54696 and 144136?
344
What is the highest common divisor of 565213 and 1837?
11
Calculate the greatest common factor of 8977947 and 88.
11
What is the highest common factor of 27 and 1857333?
3
Calculate the greatest common divisor of 287 and 27366241.
7
Calculate the greatest common divisor of 90644026 and 242.
22
What is the greatest common divisor of 171 and 1429595055?
171
What is the highest common divisor of 9 and 1866765312?
9
Calculate the highest common factor of 2335 and 99549923.
467
What is the greatest common divisor of 1137375 and 750?
375
Calculate the greatest common factor of 1633999221 and 342.
171
What is the greatest common factor of 437904 and 14112?
144
What is the greatest common factor of 8471752 and 20080?
2008
What is the highest common factor of 164859940 and 140?
140
What is the highest common factor of 106918 and 403670?
2182
What is the highest common divisor of 10336163 and 7627?
263
What is the highest common divisor of 54776 and 472?
8
What is the greatest common factor of 439856676 and 3024?
756
What is the greatest common factor of 25897814 and 2323?
101
What is the greatest common divisor of 31711224 and 216?
24
Calculate the highest common factor of 19 and 8041209355.
19
What is the greatest common factor of 70106883 and 924?
231
What is the highest common factor of 2747 and 6167283?
67
Calculate the greatest common factor of 675 and 3701050.
25
What is the greatest common divisor of 20546569 and 61?
61
Calculate the greatest common divisor of 2395410395 and 5285.
5285
Calculate the greatest common divisor of 489728 and 118.
2
Calculate the highest common factor of 705696 and 78816.
96
What is the highest common divisor of 565 and 9257977?
113
What is the highest common divisor of 195548 and 706994?
166
What is the highest common factor of 418025 and 62675?
575
What is the greatest common factor of 781455 and 1267105?
4415
What is the highest common factor of 402 and 26944653?
201
Calculate the greatest common factor of 290 and 126404678.
58
What is the greatest common divisor of 112302 and 5234521?
6239
What is the greatest common divisor of 2092 and 212062902?
1046
What is the highest common divisor of 280 and 326218130?
70
Calculate the greatest common divisor of 340 and 31400020.
340
Calculate the greatest common factor of 166549585 and 19557.
2173
What is the greatest common divisor of 650026 and 1651?
13
Calculate the greatest common factor of 49491 and 60156.
27
What is the highest common factor of 41700576 and 220751?
7121
What is the highest common factor of 64258388 and 4?
4
What is the greatest common divisor of 4601 and 9735587?
43
What is the highest common factor of 10 and 14847560?
10
Calculate the greatest common factor of 24033528 and 40384.
5048
What is the highest common factor of 510 and 5794860?
30
Calculate the greatest common factor of 246 and 136253906.
82
Calculate the highest common factor of 1684 and 4227908.
4
Calculate the greatest common divisor of 1043475 and 100.
25
What is the greatest common factor of 8 and 497950504?
8
What is the highest common factor of 2621373 and 8151?
57
Calculate the greatest common divisor of 5559 and 1307793.
51
Calculate the highest common divisor of 8 and 1351244800.
8
Calculate the greatest common factor of 1793 and 6707217.
11
Calculate the greatest common factor of 2194731 and 11781.
693
Calculate the greatest common factor of 80 and 53955595.
5
Calculate the highest common divisor of 150 and 2268780.
30
What is the greatest common factor of 3718 and 99286?
22
Calculate the greatest common factor of 286 and 388972454.
26
What is the greatest common divisor of 3880 and 16538500?
1940
What is the greatest common divisor of 221141 and 210406?
2147
Calculate the highest common factor of 31654 and 8774808.
266
What is the greatest common divisor of 